{"id":26267,"date":"2026-03-12T09:14:32","date_gmt":"2026-03-12T08:14:32","guid":{"rendered":"https:\/\/velafrica.ch\/?page_id=26267"},"modified":"2026-03-12T09:14:33","modified_gmt":"2026-03-12T08:14:33","slug":"velafrica-shop","status":"publish","type":"page","link":"https:\/\/velafrica.ch\/fr\/comment-nous-aider\/velafrica-shop\/","title":{"rendered":"Velafrica Shop"},"content":{"rendered":"\r\n\t\t<div  class=\"block-91b86bc6-2a84-48a7-8a63-01c5172385a5 areoi-element container\">\r\n\t\t\t\r\n\t\t\t\n\r\n\t\t<div  class=\"block-65119064-c22e-475b-b012-9dd0719ce277 row areoi-element justify-content-center\">\r\n\t\t\t\r\n\r\n\t\t\t\n\r\n\t\t<div  class=\"block-9b7d8ea2-207b-47fd-bac3-1554a7900d1e col areoi-element\">\r\n\t\t\t\r\n\t\t\t\n\n<p>\u00cates-vous \u00e0 la recherche de cadeaux qui ont du sens ou souhaitez-vous rendre votre soutien \u00e0 Velafrica visible? <strong>Vous trouverez ici exactement ce qu\u2019il vous faut.<\/strong><\/p>\n\n \r\n\t\t\t\r\n\t\t<\/div>\r\n\t\n \r\n\t\t<\/div>\r\n\t\n\n\r\n\t\t<div  class=\"block-49b1829a-a22e-4981-b2b8-36f2e87c8887 row areoi-element justify-content-center\">\r\n\t\t\t\r\n\r\n\t\t\t\n\r\n\t\t<div  class=\"block-0052ee6c-f75d-45a5-8d9d-ba4ada76dfc7 col areoi-element\">\r\n\t\t\t\r\n\t\t\t\n\n<h2 class=\"wp-block-heading\">Habillez-vous aux couleurs de Velafrica<\/h2>\n\n\n\n<p><strong>Le fabricant de v\u00eatements de sport Cuore a cr\u00e9\u00e9 une collection exclusive pour Velafrica. <\/strong>En plus des maillots, vous trouverez dans la boutique des sous-casques, des chaussettes et des pantalons assortis. Aidez-nous \u00e0 faire rayonner nos couleurs dans les rues, en montagne et en for\u00eat. Affichez le look Velafrica!<\/p>\n\n\n\r\n\t\t\t\t\r\n\t\t<a \r\n\t\t\t\r\n\t\t\tclass=\"block-b2c26975-708a-40c9-8535-cf2b6172c864 btn areoi-has-url position-relative btn-primary\"\r\n\t href=\"https:\/\/drahtesel.ch\/product-category\/velafrica\/\" rel=\"noreferrer noopener\" target=\"_blank\" >\r\n\t\t\t\t\t\r\n\t\t\t\t\tCommander ici les v\u00eatements de v\u00e9lo Velafrica \r\n\t\t\t\t\t\r\n\t\t\t\t\t \r\n\t\t\t\t<\/a>\r\n\t\t\t\n \r\n\t\t\t\r\n\t\t<\/div>\r\n\t\n \r\n\t\t<\/div>\r\n\t\n\n\n<div style=\"height:2.5em\" aria-hidden=\"true\" class=\"wp-block-spacer\"><\/div>\n\n\n\r\n\t\t<div  class=\"block-3597b19e-ddaa-4930-92b5-9b589dd56b3a row areoi-element justify-content-center\">\r\n\t\t\t\r\n\r\n\t\t\t\n\r\n\t\t<div  class=\"block-011e5840-ff81-40be-9f97-fa39801eb005 col areoi-element\">\r\n\t\t\t\r\n\t\t\t\n\n<figure class=\"wp-block-image size-large\"><img loading=\"lazy\" decoding=\"async\" width=\"1024\" height=\"683\" src=\"https:\/\/velafrica.ch\/wp-content\/uploads\/2021\/12\/Velafrica_Marlene_Reusser_MarcoZanoni_Trikot-1024x683.jpg\" alt=\"\" class=\"wp-image-9978\" srcset=\"https:\/\/velafrica.ch\/wp-content\/uploads\/2021\/12\/Velafrica_Marlene_Reusser_MarcoZanoni_Trikot-1024x683.jpg 1024w, https:\/\/velafrica.ch\/wp-content\/uploads\/2021\/12\/Velafrica_Marlene_Reusser_MarcoZanoni_Trikot-300x200.jpg 300w, https:\/\/velafrica.ch\/wp-content\/uploads\/2021\/12\/Velafrica_Marlene_Reusser_MarcoZanoni_Trikot-768x512.jpg 768w, https:\/\/velafrica.ch\/wp-content\/uploads\/2021\/12\/Velafrica_Marlene_Reusser_MarcoZanoni_Trikot-500x333.jpg 500w, https:\/\/velafrica.ch\/wp-content\/uploads\/2021\/12\/Velafrica_Marlene_Reusser_MarcoZanoni_Trikot-600x400.jpg 600w, https:\/\/velafrica.ch\/wp-content\/uploads\/2021\/12\/Velafrica_Marlene_Reusser_MarcoZanoni_Trikot.jpg 1200w\" sizes=\"auto, (max-width: 1024px) 100vw, 1024px\" \/><figcaption class=\"wp-element-caption\">La vice-championne olympique et ambassadrice de Velafrica, Marlen Reusser.<\/figcaption><\/figure>\n\n \r\n\t\t\t\r\n\t\t<\/div>\r\n\t\n\n\r\n\t\t<div  class=\"block-f31d13e0-2050-463b-880b-c7bc1a5870de col areoi-element col-md-3 d-none d-sm-none d-md-block\">\r\n\t\t\t\r\n\t\t\t\n\n<figure class=\"wp-block-image size-large\"><img loading=\"lazy\" decoding=\"async\" width=\"1024\" height=\"1024\" src=\"https:\/\/velafrica.ch\/wp-content\/uploads\/2023\/03\/50_0051-Left-2-1024x1024.jpg\" alt=\"\" class=\"wp-image-14327\" srcset=\"https:\/\/velafrica.ch\/wp-content\/uploads\/2023\/03\/50_0051-Left-2-1024x1024.jpg 1024w, https:\/\/velafrica.ch\/wp-content\/uploads\/2023\/03\/50_0051-Left-2-300x300.jpg 300w, https:\/\/velafrica.ch\/wp-content\/uploads\/2023\/03\/50_0051-Left-2-768x768.jpg 768w, https:\/\/velafrica.ch\/wp-content\/uploads\/2023\/03\/50_0051-Left-2-1536x1536.jpg 1536w, https:\/\/velafrica.ch\/wp-content\/uploads\/2023\/03\/50_0051-Left-2.jpg 1600w\" sizes=\"auto, (max-width: 1024px) 100vw, 1024px\" \/><\/figure>\n\n\n\n<figure class=\"wp-block-image size-large\"><img loading=\"lazy\" decoding=\"async\" width=\"1024\" height=\"1024\" src=\"https:\/\/velafrica.ch\/wp-content\/uploads\/2023\/03\/50_0051-Front-1024x1024.jpg\" alt=\"\" class=\"wp-image-14323\" srcset=\"https:\/\/velafrica.ch\/wp-content\/uploads\/2023\/03\/50_0051-Front-1024x1024.jpg 1024w, https:\/\/velafrica.ch\/wp-content\/uploads\/2023\/03\/50_0051-Front-300x300.jpg 300w, https:\/\/velafrica.ch\/wp-content\/uploads\/2023\/03\/50_0051-Front-768x768.jpg 768w, https:\/\/velafrica.ch\/wp-content\/uploads\/2023\/03\/50_0051-Front-1536x1536.jpg 1536w, https:\/\/velafrica.ch\/wp-content\/uploads\/2023\/03\/50_0051-Front.jpg 1600w\" sizes=\"auto, (max-width: 1024px) 100vw, 1024px\" \/><\/figure>\n\n \r\n\t\t\t\r\n\t\t<\/div>\r\n\t\n \r\n\t\t<\/div>\r\n\t\n\n\r\n\t\t<div  class=\"block-20a097b0-98f1-4fa8-826c-03801346087d row areoi-element justify-content-center\">\r\n\t\t\t\r\n\r\n\t\t\t\n\r\n\t\t<div  class=\"block-7519b952-8e4d-4f4b-bb55-838f88c1ad6d col areoi-element\">\r\n\t\t\t\r\n\t\t\t\n\n<h2 class=\"wp-block-heading\">Des mini-v\u00e9los qui font une grande diff\u00e9rence<\/h2>\n\n\n\n<p>Les mini-v\u00e9los ont \u00e9t\u00e9 cr\u00e9\u00e9s par Mamy Harivelo Rajamason, originaire d\u2019Antsirabe \u00e0 Madagascar. Depuis 1990, il fabrique ces pi\u00e8ces uniques et artistiques \u00e0 partir de divers mat\u00e9riaux recycl\u00e9s, comme des bo\u00eetes de conserve, des gaines de c\u00e2bles de frein et des fils \u00e9lectriques. Les mini-v\u00e9los sont des pi\u00e8ces uniques et mesurent environ 13 x 8 cm. Un v\u00e9lo co\u00fbte 75 francs. <strong>En achetant un mini-v\u00e9lo, vous financez symboliquement la remise en \u00e9tat et l\u2019exportation d\u2019un v\u00e9lo suisse recycl\u00e9 et vous vous engagez pour la mobilit\u00e9 en Afrique \u2013 le cadeau parfait, qui fait plaisir \u00e0 double titre.<\/strong><\/p>\n\n\n\r\n\t\t\t\t\r\n\t\t<a \r\n\t\t\t\r\n\t\t\tclass=\"block-b2c26975-708a-40c9-8535-cf2b6172c864 btn areoi-has-url position-relative btn-primary\"\r\n\t href=\"https:\/\/drahtesel.ch\/shop\/velafrica\/mini-velo\/\" rel=\"noreferrer noopener\" target=\"_blank\" >\r\n\t\t\t\t\t\r\n\t\t\t\t\tCommander ici des mini-v\u00e9los \r\n\t\t\t\t\t\r\n\t\t\t\t\t \r\n\t\t\t\t<\/a>\r\n\t\t\t\n \r\n\t\t\t\r\n\t\t<\/div>\r\n\t\n \r\n\t\t<\/div>\r\n\t\n\n\n<div style=\"height:2.5em\" aria-hidden=\"true\" class=\"wp-block-spacer\"><\/div>\n\n\n\r\n\t\t<div  class=\"block-3c8e6887-53f1-4275-909d-d1410dc6992a row areoi-element justify-content-center\">\r\n\t\t\t\r\n\r\n\t\t\t\n\r\n\t\t<div  class=\"block-d9d69b6b-803a-4d94-b64b-e6a4466ea1fe col areoi-element col-12 col-md-6\">\r\n\t\t\t\r\n\t\t\t\n\n<figure class=\"wp-block-image size-full\"><img loading=\"lazy\" decoding=\"async\" width=\"1418\" height=\"800\" src=\"https:\/\/velafrica.ch\/wp-content\/uploads\/2025\/11\/Mamy-Harivelo-Rajamason-e1763649363456.jpg\" alt=\"\" class=\"wp-image-24985\" style=\"aspect-ratio:16\/9;object-fit:cover\"\/><\/figure>\n\n \r\n\t\t\t\r\n\t\t<\/div>\r\n\t\n\n\r\n\t\t<div  class=\"block-8dac880a-0cfc-46ea-b3c4-bb87526c9e3c col areoi-element col-12 col-md-6\">\r\n\t\t\t\r\n\t\t\t\n\n<figure class=\"wp-block-image size-large\"><img loading=\"lazy\" decoding=\"async\" width=\"1024\" height=\"683\" src=\"https:\/\/velafrica.ch\/wp-content\/uploads\/2021\/12\/velafrica_minivelo-1024x683.jpg\" alt=\"\" class=\"wp-image-9992\" style=\"aspect-ratio:16\/9;object-fit:cover\" srcset=\"https:\/\/velafrica.ch\/wp-content\/uploads\/2021\/12\/velafrica_minivelo-1024x683.jpg 1024w, https:\/\/velafrica.ch\/wp-content\/uploads\/2021\/12\/velafrica_minivelo-300x200.jpg 300w, https:\/\/velafrica.ch\/wp-content\/uploads\/2021\/12\/velafrica_minivelo-768x512.jpg 768w, https:\/\/velafrica.ch\/wp-content\/uploads\/2021\/12\/velafrica_minivelo-500x333.jpg 500w, https:\/\/velafrica.ch\/wp-content\/uploads\/2021\/12\/velafrica_minivelo-600x400.jpg 600w, https:\/\/velafrica.ch\/wp-content\/uploads\/2021\/12\/velafrica_minivelo.jpg 1200w\" sizes=\"auto, (max-width: 1024px) 100vw, 1024px\" \/><\/figure>\n\n \r\n\t\t\t\r\n\t\t<\/div>\r\n\t\n \r\n\t\t<\/div>\r\n\t\n \r\n\t\t<\/div>\r\n\t\n\n\n<div style=\"height:60px\" aria-hidden=\"true\" class=\"wp-block-spacer\"><\/div>\n","protected":false},"excerpt":{"rendered":"<p> [&#8230;]<\/p>\n<p><a class=\"btn btn-secondary understrap-read-more-link\" href=\"https:\/\/velafrica.ch\/fr\/comment-nous-aider\/velafrica-shop\/\">Lire la suite\u2026<span class=\"screen-reader-text\"> from Velafrica Shop<\/span><\/a><\/p>\n","protected":false},"author":42,"featured_media":5630,"parent":5857,"menu_order":46,"comment_status":"closed","ping_status":"closed","template":"","meta":{"_acf_changed":false,"footnotes":""},"class_list":["post-26267","page","type-page","status-publish","has-post-thumbnail","hentry"],"acf":[],"_links":{"self":[{"href":"https:\/\/velafrica.ch\/fr\/wp-json\/wp\/v2\/pages\/26267","targetHints":{"allow":["GET"]}}],"collection":[{"href":"https:\/\/velafrica.ch\/fr\/wp-json\/wp\/v2\/pages"}],"about":[{"href":"https:\/\/velafrica.ch\/fr\/wp-json\/wp\/v2\/types\/page"}],"author":[{"embeddable":true,"href":"https:\/\/velafrica.ch\/fr\/wp-json\/wp\/v2\/users\/42"}],"replies":[{"embeddable":true,"href":"https:\/\/velafrica.ch\/fr\/wp-json\/wp\/v2\/comments?post=26267"}],"version-history":[{"count":1,"href":"https:\/\/velafrica.ch\/fr\/wp-json\/wp\/v2\/pages\/26267\/revisions"}],"predecessor-version":[{"id":26268,"href":"https:\/\/velafrica.ch\/fr\/wp-json\/wp\/v2\/pages\/26267\/revisions\/26268"}],"up":[{"embeddable":true,"href":"https:\/\/velafrica.ch\/fr\/wp-json\/wp\/v2\/pages\/5857"}],"wp:featuredmedia":[{"embeddable":true,"href":"https:\/\/velafrica.ch\/fr\/wp-json\/wp\/v2\/media\/5630"}],"wp:attachment":[{"href":"https:\/\/velafrica.ch\/fr\/wp-json\/wp\/v2\/media?parent=26267"}],"curies":[{"name":"wp","href":"https:\/\/api.w.org\/{rel}","templated":true}]}}

<div  class="block-91b86bc6-2a84-48a7-8a63-01c5172385a5 areoi-element container">
			
			

		<div  class="block-65119064-c22e-475b-b012-9dd0719ce277 row areoi-element justify-content-center">
			

			

		<div  class="block-9b7d8ea2-207b-47fd-bac3-1554a7900d1e col areoi-element">
			
			

<p>Êtes-vous à la recherche de cadeaux qui ont du sens ou souhaitez-vous rendre votre soutien à Velafrica visible? <strong>Vous trouverez ici exactement ce qu’il vous faut.</strong></p>

 
			
		</div>
	
 
		</div>
	


		<div  class="block-49b1829a-a22e-4981-b2b8-36f2e87c8887 row areoi-element justify-content-center">
			

			

		<div  class="block-0052ee6c-f75d-45a5-8d9d-ba4ada76dfc7 col areoi-element">
			
			

<h2 class="wp-block-heading">Habillez-vous aux couleurs de Velafrica</h2>



<p><strong>Le fabricant de vêtements de sport Cuore a créé une collection exclusive pour Velafrica. </strong>En plus des maillots, vous trouverez dans la boutique des sous-casques, des chaussettes et des pantalons assortis. Aidez-nous à faire rayonner nos couleurs dans les rues, en montagne et en forêt. Affichez le look Velafrica!</p>



				
		<a 
			
			class="block-b2c26975-708a-40c9-8535-cf2b6172c864 btn areoi-has-url position-relative btn-primary"
	 href="https://drahtesel.ch/product-category/velafrica/" rel="noreferrer noopener" target="_blank" >
					
					Commander ici les vêtements de vélo Velafrica 
					
					 
				</a>
			
 
			
		</div>
	
 
		</div>
	


<div style="height:2.5em" aria-hidden="true" class="wp-block-spacer"></div>



		<div  class="block-3597b19e-ddaa-4930-92b5-9b589dd56b3a row areoi-element justify-content-center">
			

			

		<div  class="block-011e5840-ff81-40be-9f97-fa39801eb005 col areoi-element">
			
			

<figure class="wp-block-image size-large"><img loading="lazy" decoding="async" width="1024" height="683" src="https://velafrica.ch/wp-content/uploads/2021/12/Velafrica_Marlene_Reusser_MarcoZanoni_Trikot-1024x683.jpg" alt="" class="wp-image-9978" srcset="https://velafrica.ch/wp-content/uploads/2021/12/Velafrica_Marlene_Reusser_MarcoZanoni_Trikot-1024x683.jpg 1024w, https://velafrica.ch/wp-content/uploads/2021/12/Velafrica_Marlene_Reusser_MarcoZanoni_Trikot-300x200.jpg 300w, https://velafrica.ch/wp-content/uploads/2021/12/Velafrica_Marlene_Reusser_MarcoZanoni_Trikot-768x512.jpg 768w, https://velafrica.ch/wp-content/uploads/2021/12/Velafrica_Marlene_Reusser_MarcoZanoni_Trikot-500x333.jpg 500w, https://velafrica.ch/wp-content/uploads/2021/12/Velafrica_Marlene_Reusser_MarcoZanoni_Trikot-600x400.jpg 600w, https://velafrica.ch/wp-content/uploads/2021/12/Velafrica_Marlene_Reusser_MarcoZanoni_Trikot.jpg 1200w" sizes="auto, (max-width: 1024px) 100vw, 1024px" /><figcaption class="wp-element-caption">La vice-championne olympique et ambassadrice de Velafrica, Marlen Reusser.</figcaption></figure>

 
			
		</div>
	


		<div  class="block-f31d13e0-2050-463b-880b-c7bc1a5870de col areoi-element col-md-3 d-none d-sm-none d-md-block">
			
			

<figure class="wp-block-image size-large"><img loading="lazy" decoding="async" width="1024" height="1024" src="https://velafrica.ch/wp-content/uploads/2023/03/50_0051-Left-2-1024x1024.jpg" alt="" class="wp-image-14327" srcset="https://velafrica.ch/wp-content/uploads/2023/03/50_0051-Left-2-1024x1024.jpg 1024w, https://velafrica.ch/wp-content/uploads/2023/03/50_0051-Left-2-300x300.jpg 300w, https://velafrica.ch/wp-content/uploads/2023/03/50_0051-Left-2-768x768.jpg 768w, https://velafrica.ch/wp-content/uploads/2023/03/50_0051-Left-2-1536x1536.jpg 1536w, https://velafrica.ch/wp-content/uploads/2023/03/50_0051-Left-2.jpg 1600w" sizes="auto, (max-width: 1024px) 100vw, 1024px" /></figure>



<figure class="wp-block-image size-large"><img loading="lazy" decoding="async" width="1024" height="1024" src="https://velafrica.ch/wp-content/uploads/2023/03/50_0051-Front-1024x1024.jpg" alt="" class="wp-image-14323" srcset="https://velafrica.ch/wp-content/uploads/2023/03/50_0051-Front-1024x1024.jpg 1024w, https://velafrica.ch/wp-content/uploads/2023/03/50_0051-Front-300x300.jpg 300w, https://velafrica.ch/wp-content/uploads/2023/03/50_0051-Front-768x768.jpg 768w, https://velafrica.ch/wp-content/uploads/2023/03/50_0051-Front-1536x1536.jpg 1536w, https://velafrica.ch/wp-content/uploads/2023/03/50_0051-Front.jpg 1600w" sizes="auto, (max-width: 1024px) 100vw, 1024px" /></figure>

 
			
		</div>
	
 
		</div>
	


		<div  class="block-20a097b0-98f1-4fa8-826c-03801346087d row areoi-element justify-content-center">
			

			

		<div  class="block-7519b952-8e4d-4f4b-bb55-838f88c1ad6d col areoi-element">
			
			

<h2 class="wp-block-heading">Des mini-vélos qui font une grande différence</h2>



<p>Les mini-vélos ont été créés par Mamy Harivelo Rajamason, originaire d’Antsirabe à Madagascar. Depuis 1990, il fabrique ces pièces uniques et artistiques à partir de divers matériaux recyclés, comme des boîtes de conserve, des gaines de câbles de frein et des fils électriques. Les mini-vélos sont des pièces uniques et mesurent environ 13 x 8 cm. Un vélo coûte 75 francs. <strong>En achetant un mini-vélo, vous financez symboliquement la remise en état et l’exportation d’un vélo suisse recyclé et vous vous engagez pour la mobilité en Afrique – le cadeau parfait, qui fait plaisir à double titre.</strong></p>



				
		<a 
			
			class="block-b2c26975-708a-40c9-8535-cf2b6172c864 btn areoi-has-url position-relative btn-primary"
	 href="https://drahtesel.ch/shop/velafrica/mini-velo/" rel="noreferrer noopener" target="_blank" >
					
					Commander ici des mini-vélos 
					
					 
				</a>
			
 
			
		</div>
	
 
		</div>
	


<div style="height:2.5em" aria-hidden="true" class="wp-block-spacer"></div>



		<div  class="block-3c8e6887-53f1-4275-909d-d1410dc6992a row areoi-element justify-content-center">
			

			

		<div  class="block-d9d69b6b-803a-4d94-b64b-e6a4466ea1fe col areoi-element col-12 col-md-6">
			
			

<figure class="wp-block-image size-full"><img loading="lazy" decoding="async" width="1418" height="800" src="https://velafrica.ch/wp-content/uploads/2025/11/Mamy-Harivelo-Rajamason-e1763649363456.jpg" alt="" class="wp-image-24985" style="aspect-ratio:16/9;object-fit:cover"/></figure>

 
			
		</div>
	


		<div  class="block-8dac880a-0cfc-46ea-b3c4-bb87526c9e3c col areoi-element col-12 col-md-6">
			
			

<figure class="wp-block-image size-large"><img loading="lazy" decoding="async" width="1024" height="683" src="https://velafrica.ch/wp-content/uploads/2021/12/velafrica_minivelo-1024x683.jpg" alt="" class="wp-image-9992" style="aspect-ratio:16/9;object-fit:cover" srcset="https://velafrica.ch/wp-content/uploads/2021/12/velafrica_minivelo-1024x683.jpg 1024w, https://velafrica.ch/wp-content/uploads/2021/12/velafrica_minivelo-300x200.jpg 300w, https://velafrica.ch/wp-content/uploads/2021/12/velafrica_minivelo-768x512.jpg 768w, https://velafrica.ch/wp-content/uploads/2021/12/velafrica_minivelo-500x333.jpg 500w, https://velafrica.ch/wp-content/uploads/2021/12/velafrica_minivelo-600x400.jpg 600w, https://velafrica.ch/wp-content/uploads/2021/12/velafrica_minivelo.jpg 1200w" sizes="auto, (max-width: 1024px) 100vw, 1024px" /></figure>

 
			
		</div>
	
 
		</div>
	
 
		</div>
	


<div style="height:60px" aria-hidden="true" class="wp-block-spacer"></div>
